2 + 5 - 1/3*g**3 - 6*g. Determine d(7).
1
Let m = 8 + -5. Let s be 2/(-10) - m/(-15). Let g(n) = s*n**2 - 3*n**2 + 3*n - 2*n. What is g(1)?
-2
Let o = -421 + 417. Let z(i) = i**2 + 5*i + 1. Give z(o).
-3
Let z be 3/((-3)/6 - -2). Let a(n) = z*n + n + 5 + 0*n. Determine a(-5).
-10
Let h(m) = -13 + 2 + 10 - m + 3*m**3 + 2*m**3 - m**2. Calculate h(-1).
-6
Suppose -3*p = r, -r + 1 - 3 = 5*p. Let d(h) = -26*h + 15*h + 14*h + r + 3*h**2 - 5*h**2. Determine d(3).
-6
Let i(b) = -b**2 - 2. Let l(t) = -t**2 - 17*t - 63. Let s be l(-11). Calculate i(s).
-11
Let q(r) = r**3 - 10*r**2 + 31*r - 37. Let v be q(6). Let d(p) = 2*p**2 - 8*p - 11. What is d(v)?
-1
Let j(p) be the second derivative of p**2 - 1/3*p**3 - 1/3*p**4 - 1/20*p**5 + 0 + 7*p. Suppose 0 = -2*q - 6 - 0. Calculate j(q).
-1
Let z(w) = -3 + 6 - 1 + 16 + w - 2*w. What is z(9)?
9
Let v(u) = -3*u - 7. Let z(q) = -2*q**2 + 4*q + 3. Let l be z(5). Let x = l + 21. Give v(x).
11
Let k(r) = -r**3 + 3*r**2 + 4. Let a be k(3). Let t(z) = -z**2 - z - 6. Let y(n) = -5*n**2 - 3*n - 26. Let w(s) = 9*t(s) - 2*y(s). Give w(a).
2
Let w(j) = -2*j**3 - 28*j**2 + 3*j + 47. Let z be w(-14). Let i(q) = -q - 8. Determine i(z).
-13
Let f(o) = -5*o. Let h(a) = -5*a**3 + a**2 + 5*a + 4. Let u be h(-1). Let k(v) = v**3 - v**2 - v + 2. Let c be k(2). Let n = c - u. Determine f(n).
5
Let x(w) be the second derivative of w**3/3 + 2*w**2 + 12*w. Let d = -11 + 13. Suppose 6 = -d*v - 4. What is x(v)?
-6
Let s(l) = -l - 7. Let o(m) = -m**2 - 8*m + 1. Let c be o(-9). Let b = c - -3. What is s(b)?
-2
Let c(t) = 3*t - 3. Let o = -23 + 34. Let p(z) = z**2 - z + 6. Let u be p(0). Let q = o - u. Give c(q).
12
Let u(m) = m**2 - 2*m - 7. Suppose 18 = -56*k + 62*k. What is u(k)?
-4
Let z(i) = -i + 5. Let x be -3 + (8 - 1)/(-7). Calculate z(x).
9
Suppose 0 = 4*t - 3*a + 5 - 2, -5*t = -3*a. Let b(y) = 20*y**3 - 35*y**t - 3*y + 5*y**2 + 14*y**3 - 2. What is b(4)?
2
Let w be (52/(-8))/(2/8). Let m = -26 - w. Let j(a) = 11*a + m*a - 3*a - 7*a - 9. Give j(6).
-3
Let i(x) = -x**3 + x**2 - x. Let j be i(2). Let z(w) = w - 1. What is z(j)?
-7
Let g(l) be the first derivative of l**3/3 - 9*l**2/2 + 7*l + 1. Let v be g(8). Let n(p) be the second derivative of p**3 - p - 27. Determine n(v).
-6
Suppose -3*j + 8 = -1. Let a(p) = p**3 - 5*p**2 - 3 + 2*p**2 - 1 - j*p. Suppose 3*o = 4*x - 19, 3*o + 1 = -x + 2. Calculate a(x).
0
Let h(t) = -6*t + 53. Suppose 4*w = -5*b + 30, 11*w - 55 = -4*b + 14*w. Give h(b).
-7
Let d(n) = -n**2 + 8*n - 2. Suppose 0 = 3*k - 4*k. Suppose 2 + 6 = 4*f. Suppose k = 2*o - 4*g + f, -2*g = -3*o - 0*g + 13. Determine d(o).
5
Let l(r) = -2*r - 8. Let g be l(-6). Let y(a) = -3 + a**2 + 2 + g*a - 5*a + 4*a**2. Let q = -22 - -21. Calculate y(q).
5
Let v = -124 - -179. Let f(u) = -12*u - 2*u**2 - 55 - v + 3*u**2 + 124. Determine f(10).
-6
Let a(v) = 2133*v**2 + 1 + v - 2130*v**2 - 3. Suppose -3*d = -5 + 11. Give a(d).
8
Let g(k) = -2*k**2 - 3*k + 2. Suppose 9*m = -40 + 247. Suppose 0 - 4 = -4*p. Suppose 3*a + p + 8 = f, f = -5*a - m. What is g(f)?
-7
Let n(k) = -k**2 - 5*k - 6. Let q be n(-5). Let p(c) be the first derivative of -c**4/4 - 7*c**3/3 - 2*c**2 + 3*c + 99. Give p(q).
-9
Let o(l) = l - 29. Let t be o(27). Let q(p) = -p**3 + p + 1. Give q(t).
7
Suppose 2*n + 53 = 45. Let x(r) be the first derivative of r**2/2 - 2*r - 1. What is x(n)?
-6
Let a(x) = -x**3 + 12*x**2 - 2*x + 23. Let q be a(12). Let m(s) = 10*s. Calculate m(q).
-10
Let u(c) = -c**2 - 5*c + 2. Suppose 4*r + 3*y - 5 = 0, 0 = -3*r + 7*r + 5*y - 3. Suppose -r*b = b + 15. What is u(b)?
2
Let f(d) = 361*d - 1 - 358*d - 9 - 48*d**2 + 50*d**2 - d**3. Give f(4).
-30
Let s(b) be the third derivative of -b**6/360 - b**5/60 + b**4/24 + 3*b**3 - 12*b**2. Let g(k) be the first derivative of s(k). Determine g(-4).
-7
Let k(l) be the third derivative of -l**4/8 - l**3/2 + 7*l**2. Suppose 4*v - 11 = -19. Let m be 4*v*(-2)/(-8). Give k(m).
3
Suppose c = -9*c - 10. Let s(y) = 19*y + 2. Determine s(c).
-17
Let m(d) = -d - 4. Let z = -37 + 41. Suppose h = -9 + z. Calculate m(h).
1
Let d(z) = z - 5. Suppose -146*f - 24 = -149*f. Calculate d(f).
3
Let o(q) = q**3 - 8*q**2 + 12*q - 6. Let z be o(5). Let c be (7/5)/(z/(-105)). Let l(i) = -i**3 + 8*i**2 - 8*i + 1. Give l(c).
-6
Let u = -12 - -17. Let k be -6 + 2 - (5 - u). Let j(c) = 9*c - c**3 + 0*c**3 - 3*c**2 - 3*c + 5. Determine j(k).
-3
Let i(h) = 3*h - 23. Let o be i(8). Let f(c) = 7*c + 2. Let j(l) = -8*l - 3. Let w(u) = 3*f(u) + 2*j(u). Calculate w(o).
5
Let r(y) = 3*y + 6*y**2 + 2*y + 2*y**3 - y**3 + 2. Let z(l) = -5*l - 14. Let q(b) = 3*b + 7. Let d(p) = -7*q(p) - 4*z(p). Let s be d(12). Give r(s).
2
Suppose -3*v + 3 = 3*n, 6*v + 26 = 2*n + 2*v. Let q(x) = 2*x + 2. Let u(o) = 2*o + 2. Let l(m) = 3*q(m) - 4*u(m). What is l(n)?
-12
Let p(o) = -o + 13 + 0 - 3 - 5 + 0. Give p(3).
2
Let j(c) = 3*c**2 - 4*c + 5. Let o(t) = -3*t**2 - 25*t - 24. Let a be o(-7). What is j(a)?
37
Suppose 51 + 1 = -4*g. Let i = g - -9. Let p(h) = -334*h - 1 + 668*h + h**2 - 335*h. Calculate p(i).
19
Let v(z) = -25*z + 41. Let n(d) = -10*d. Let b(u) = -2*n(u) + v(u). What is b(9)?
-4
Let t(k) = -2*k**2 - 5*k + 6. Let y(q) = -q**2 - 3*q + 3. Let d(x) = 2*x + 5. Let o be d(-7). Let a(f) = o*y(f) + 4*t(f). What is a(-6)?
-9
Let u(z) be the third derivative of -z**6/120 - 3*z**5/20 + z**4/24 + 5*z**3/3 - 229*z**2. Suppose -24 = 4*h - 3*g, h + 5 = -g - 8. What is u(h)?
1
Let u(f) = -f**3 - 4*f**2 + 3*f + 5*f + 0*f + 3 + 0. Give u(-5).
-12
Let g = 256 + -250. Let a(m) = m**3 - 5*m**2 - 4*m - 8. Calculate a(g).
4
Let o(t) = -t + 3. Let l(q) = -q**2 - q + 1. Let y be l(-2). Let r be 4/(-10) + 72/(-20). Let h be (r/(-8))/(y/6). Determine o(h).
6
Let h(i) = -10*i**2 + 7*i - 8. Let d(m) = 2*m**2 - m + 2. Let l(z) = 4*d(z) + h(z). Let q be (-2 + 4)*3/2. What is l(q)?
-9
Let u(k) be the first derivative of k**3/3 - 7*k**2/2 + 3*k + 37. What is u(6)?
-3
Let g = -63 - -65. Let b(r) be the second derivative of r**4/3 - r**3/2 + r. What is b(g)?
10
Let a(x) = x - 11. Let w be (24/3)/(4/12). Suppose w*l = 22*l + 18. Give a(l).
-2
Suppose 2*h - 3*j = -5*j + 16, -h - 2*j + 12 = 0. Let v(u) = -23*u + 29. Let i = 6 - 0. Let o(x) = 4*x - 5. Let l(p) = i*v(p) + 34*o(p). Give l(h).
-4
Let v(f) be the second derivative of f**6/120 - 7*f**5/60 + f**4/24 - 5*f**3/3 - 10*f**2 + 4*f. Let r(m) be the first derivative of v(m). What is r(7)?
-3
Let f(g) = -13*g**3 - 2*g**2 + 1. Let j = 2 - 9. Let w(z) = -z**2 - 11*z - 6. Let t be w(j). Let r = t + -23. Determine f(r).
12
Let h(u) = -3*u**3 - 85 - 10*u + 2*u**3 + 12*u**2 + 78. What is h(11)?
4
Let d = 7 + -3. Let w(k) be the third derivative of k**5/60 - k**4/4 + k**3/3 + k**2 + 4*k. What is w(d)?
-6
Let r(q) = -q**3 + 3*q**2 - 7. Let b be r(3). Let g(p) = 6*p + 42. What is g(b)?
0
Let j(i) = i**2 - 17*i + 3. Let w = -789 - -805. What is j(w)?
-13
Let r(y) = -11*y**2 - 5*y + 1. Let c(q) = 22*q**2 + 11*q - 2. Let o(f) = 6*c(f) + 13*r(f). What is o(-1)?
-11
Let v(z) = z**2 + 2*z + 9. Let l = -335 - -335. Determine v(l).
9
Let r(v) be the first derivative of -v**5/60 - 5*v**4/24 - 2*v**3/3 - v**2 - 13. Let f(s) be the second derivative of r(s). Give f(-5).
-4
Let y = -61 + 66. Let w(r) = -r**3 + 6*r**2 - 5. What is w(y)?
20
Let i(w) = -w**2 - 10*w - 21. Let o be i(-3). Let u(y) = -y**3 - y**2 + 2*y + 11. Determine u(o).
11
Let u(r) = 5*r + 29. Let p be u(-5). Let n(g) = 4*g - 6*g + 13 - p*g - 10. Let c = -7 - -10. What is n(c)?
-15
Suppose 0 = -2*l + 5*t + 10, -3*l + 4*t - 10 = -5*l. Let q(h) = h**2 - 6*h + 8. Give q(l).
3
Suppose 0 = -4*i - 29 + 1. Let v be 67/i + (-20)/(-35). Let w be v/(3 + -6) - 7. Let h(q) = q - 1. Give h(w).
-5
Let q(j) = -5*j**3 - 4*j**2 - 9*j + 18. Let p(a) = 2*a**3 + 2*a**2 + 4*a - 8. Let x(z) = 7*p(z) + 3*q(z). Calculate x(3).
-8
Let t(p) = p - 8. Suppose 2*c = 5*y - 29 - 67, -4*c = y - 6. Suppose y = 3*z - 0. What is t(z)?
-2
Let b(m) = -8*m + 5. Let t(z) be the first derivative of 7*z**2/2 - 4*z + 6. Let i(h) = 2*h. Let u be i(-3). Let s(q) = u*b(q) - 7*t(q). What is s(-5)?
3
Let t(a) = a + 1. Let y be t(-1). Suppose -6*f - 16 + 46 = y. Let p(j) = -j**3 + 6*j**2 - 7*j + 6. Calculate p(f).
-4
Let m be (4/3)/((-2)/(-24)). Suppose 5*i + 6 = m. Let h(u) be the second derivative of -2*u**3/3 + u**2/2 + 21*u - 2.